er when (s/4)/(4/272) is divided by 13?
12
Suppose 2*d = 5*g + 34 + 11, 5*d + 2*g - 40 = 0. Calculate the remainder when d is divided by 4.
2
Let x(a) = a**3 + 4*a**2 - 5*a + 1. Suppose -g = -2*g - 5. Calculate the remainder when (-12)/(-15) - (-1)/5 is divided by x(g).
0
Let z(v) = 47*v**2 - 2*v + 2. Calculate the remainder when z(1) is divided by 16.
15
Suppose -2*x + 7 = -31. Let p be 10/((-4)/((-4)/2)). Let h = x - p. Calculate the remainder when 27 is divided by h.
13
Let v(q) = -11*q - 9. Suppose -5*w - 14 = 6. Calculate the remainder when v(w) is divided by 19.
16
Let l = -29 + 38. What is the remainder when l is divided by 5?
4
Suppose 5*q = 4*t + 70, -6*t + t = -q + 35. Calculate the remainder when 38 is divided by q.
8
Suppose 4*s - 3*c - 84 = c, -3*s - 4*c = -77. Let q = 13 - 7. Calculate the remainder when s is divided by q.
5
Let u = 160 + -128. Calculate the remainder when 105 is divided by u.
9
What is the remainder when 35 is divided by (88/(-20) - -4)*-45?
17
Suppose 15 = -2*j - 5. What is the remainder when (-223)/(-5) - 4/j is divided by 12?
9
Let u be (-1 - -5)*(-9)/1. Calculate the remainder when 2*(0 - u/8) is divided by 5.
4
Let w(h) = -10*h + 2. Let o be w(2). Suppose 0*n - 5*n = 2*u - 26, -5*u = -15. What is the remainder when n is divided by o/(-3)*(-1)/(-2)?
1
Let y(v) = v**3 + 5*v**2 - 6*v + 8. What is the remainder when 3/(-6) + (-58)/(-4) is divided by y(-6)?
6
Let b(h) = -3*h**3 + 3*h**2 + 4*h + 2. Suppose r = -4*r + 110. Suppose 2*s + 0*s - r = 0. Calculate the remainder when b(-2) is divided by s.
8
Let f(m) = -m**3 + 3*m**2 + 4*m - 6. Suppose 2*i - 11 = -3. Let x be f(i). Let k(q) = -q - 4. What is the remainder when 2 is divided by k(x)?
0
Let h = 11 + -9. Suppose h*u + 2*u - 264 = 0. Calculate the remainder when u is divided by 17.
15
Suppose -3*i - 2 = -4*i. Let m(h) = -h**2 + 10*h - 4. Let f be m(7). Suppose f = 5*s - c, 5*s - 11 = -0*c + 3*c. What is the remainder when s is divided by i?
0
Let v be (-2)/4*(-4)/1. Let l be ((-28)/8)/(v/(-12)). Suppose -n + l = 2*n. What is the remainder when 19 is divided by n?
5
Suppose 0 = k - 4*d - 6, 2*d - 6*d = -5*k - 2. Let m = k + 6. Suppose 2*n + 2*n + m*f = 32, -f + 13 = 2*n. What is the remainder when 19 is divided by n?
4
Suppose -5*i - 2*j + 12 = 0, -3*i + j = -8*i + 11. Suppose 3*y - z - 240 = 2*z, i*y - 180 = -3*z. Calculate the remainder when y is divided by 29.
26
Let w = -14 - -43. Calculate the remainder when w is divided by 8.
5
Let u(h) = -h**2 - 14*h - 16. Let d be u(-12). Let s be (3/(-4))/((-3)/12). Calculate the remainder when 4 is divided by 2/s + d/6.
0
Let p(u) = -u**2 - 7*u + 11. Let f be p(-8). Suppose -f*m + 77 = -2*t, m - 1 = -5*t + 2. What is the remainder when m is divided by 6?
5
Let p = 1 + 2. Suppose 378 + 22 = 40*h. Calculate the remainder when h is divided by p.
1
Let t = 99 - 55. What is the remainder when t is divided by 16?
12
Suppose 2*n = -c + 219, 3*c + 5*n = 4*c - 254. Calculate the remainder when c is divided by 33.
31
Suppose -28 = -23*w + 21*w. Calculate the remainder when w is divided by 8.
6
Let u = -12 + 20. What is the remainder when 29 is divided by u?
5
Let n(o) = -o**3 - 9*o**2 - 15*o + 7. Suppose 0*b + 108 = 2*b. What is the remainder when b is divided by n(-7)?
12
Let v(x) = -x + 7. What is the remainder when (-70)/(-15)*(-6)/(-4) is divided by v(5)?
1
Let f be (6/(-10))/((-9)/90). Suppose 3*v = 2*m - 59, -4*m + 5*v = -136 + 19. Suppose 4*l + m = f*l. Calculate the remainder when l is divided by 5.
4
Suppose -92 = -8*f + 12. Calculate the remainder when 74 is divided by f.
9
Let s = -22 + 35. Calculate the remainder when s is divided by 5.
3
Let g = -11 + 28. Calculate the remainder when 67 is divided by g.
16
Suppose -2*p = 4*t - 14 - 24, -t + 4*p = -23. What is the remainder when 59 is divided by t?
4
Let q = 10 - 29. Let b = q - -29. Calculate the remainder when 29 is divided by b.
9
Let c(h) = h**2 + 8*h + 16. Calculate the remainder when c(-7) is divided by 4.
1
Let y(z) = z**2 + 3*z. Let n be 23/(-3) + (-12)/(-18). Calculate the remainder when y(n) is divided by 10.
8
Let b(k) = -k**2 + 8*k. Let q be b(7). Let y = -2 + q. What is the remainder when 14 is divided by y?
4
Let d(p) = -2*p - 3. Suppose -3 = 2*q + 11. Calculate the remainder when d(q) is divided by 5.
1
Let s = -8 - -8. Suppose s = -2*b - 0*b - 3*n + 24, 2*b - 2*n - 14 = 0. Suppose -22 = -4*v + 78. Calculate the remainder when v is divided by b.
7
Let x(v) = -v**3 + 9*v**2 - 7*v + 11. What is the remainder when 92 is divided by x(8)?
16
Suppose 25*k = 12*k + 2691. What is the remainder when k is divided by 30?
27
Let q = 29 - -19. Let c = 87 - q. Let a = -14 + c. Calculate the remainder when 49 is divided by a.
24
Let q(z) = z**3 - 5*z**2 - 13*z - 2. Calculate the remainder when q(8) is divided by 11.
9
Let s = -87 + 137. What is the remainder when s is divided by 26?
24
Let i be ((-36)/15)/(4/(-10)). Let y(r) = r + 8. Suppose -3 - 2 = -m. Calculate the remainder when y(i) is divided by m.
4
Let u = -21 - -29. What is the remainder when 15 is divided by u?
7
Suppose 5*a = 23 + 57. Suppose r = 26 + 19. Calculate the remainder when r is divided by a.
13
Suppose -4*k - k = z - 43, -163 = -5*z + k. Let s be (-36)/5*((-45)/2)/3. Let q = s - z. Calculate the remainder when 40 is divided by q.
19
Let d(f) = f**3 - 5*f**2 - 7*f + 15. What is the remainder when 25 is divided by d(6)?
7
Let z(x) = -x**3 + 8*x**2 + x - 5. Suppose c - 3*y = 8, 0*y = -c + 5*y + 8. Let h be z(c). What is the remainder when 31 is divided by 1/(h*(-2)/(-66))?
9
Let s(u) = -u + 7. Suppose 3*o - 2*o - 3 = 0. Suppose -5*k = 2*i - 0*k - 28, -o*k = -3*i + 84. Calculate the remainder when i is divided by s(-6).
11
Let n(q) = 2*q - 12. What is the remainder when n(14) is divided by 9?
7
Suppose -5*i + 54 = -36. Let x = i - -6. Suppose -3*q + x = 6. Calculate the remainder when 11 is divided by q.
5
Let q(p) be the first derivative of -p**3/3 + 5*p**2 + 6*p + 3. What is the remainder when 16 is divided by q(10)?
4
Suppose 5*c = -2*p + 374, -c - 2*p + 16 = -54. Calculate the remainder when c is divided by 26.
24
Suppose -84 = -o - 2*i, 4*o + 2*i = -i + 336. Suppose -z + o = 2*z. Calculate the remainder when z is divided by 10.
8
Let h(m) = 2*m**2 + 12*m + 6. What is the remainder when h(-8) is divided by 13?
12
Suppose 0 = 3*v + 2*c + 4 - 20, 3*v + c = 14. Let j = 52 - 51. Calculate the remainder when j + 10/v*4 is divided by 6.
5
Calculate the remainder when (-10)/50 + 336/5 is divided by 18.
13
Suppose 0 = -i - 3 + 113. What is the remainder when i is divided by 8?
6
Suppose -4*o + 99 = -13. Let b = 17 - 9. What is the remainder when 25 is divided by 74/b + (-7)/o?
7
Let z(d) = 18*d - 1. Let l be z(1). Let v = l + -10. What is the remainder when 25 is divided by v?
4
Suppose m = -3*z - 0*m - 97, 2*z - 3*m + 50 = 0. Let o = z + 55. Calculate the remainder when 70 is divided by o.
22
Let y = 57 + -35. Calculate the remainder when 41 is divided by y.
19
Let b = -30 - -49. Let q = -6 - -13. What is the remainder when b is divided by q?
5
Let m be (-42)/(-10) - (-1)/(-5). Suppose o = 4*r + 32, -m*o + 56 = -o - 2*r. What is the remainder when 63 is divided by o?
15
Suppose -10 = -i + 6. Let a = 204 - 142. Calculate the remainder when a is divided by i.
14
Let j(x) = x**3 + x**2 + x + 2. Let k be j(0). Suppose -41 = -k*w + 3*b, 0 = -3*w + 2*b - 0*b + 49. Calculate the remainder when w is divided by 10 - 2*9/6.
6
Let q = 41 - 26. Calculate the remainder when 25 is divided by q.
10
Suppose -3*g - 5*l = -78, 40 = 3*g - 2*g - 3*l. Suppose 4*x + 0 = -72. Let y = x + g. Calculate the remainder when 24 is divided by y.
11
Let r(z) = z - 7. Let x be r(0). Let d = 11 + x. Calculate the remainder when 6 is divided by d.
2
Suppose -5*t - 4*w = -57, 0*t + t = 4*w + 21. Calculate the remainder when 49 is divided by t.
10
Let x(f) = -4*f**2 + 6*f - 5. Let r(b) = -7*b**2 + 12*b - 11. Let j(v) = -3*r(v) + 5*x(v). Calculate the remainder when 29 is divided by j(7).
14
Let p = 14 - 2. Calculate the remainder when 22 is divided by p.
10
Calculate the remainder when 14 is divided by ((-3)/(-4))/((-9)/(-60)) - 1.
2
Let i(p) = 15*p - 1. Suppose 2*d - d = 33. Suppose 7 = -z + d. Calculate the remainder when z is 